*f. Suppose x - 1569 = -a, a + 4*x - y - 1216 = 0. Suppose 5*n + 3*p = a, -7*n = -2*n - 4*p - 1566. Is n composite?
True
Suppose -64 = f - 66. Suppose -595 = -5*u + 5*t, 3*u - f*t - 353 = 2*t. Is u composite?
True
Let p = -5318 + 18247. Is p a composite number?
True
Let f(y) = -y**2 - 14*y + 21. Let k be f(9). Is 18/3 - k - 1 composite?
False
Let o(m) = 33327*m + 4381. Is o(10) a prime number?
True
Suppose -76 = 23*h + 16. Is -1 + (-3)/(6/118)*h prime?
False
Suppose 4*s - 48153 = 5*w, 4*s = -2*w + 35268 + 12878. Suppose 8*g = 117309 - s. Is g prime?
True
Suppose 4*a = -2*p - p + 112651, 0 = -3*p + 3. Let w = -11348 + a. Is w/8 + 87/(-116) prime?
False
Is ((-2)/4)/((-16)/72 + (-226220)/(-1018152)) a prime number?
False
Let i(s) = 260*s**2 - 21*s + 359. Is i(26) composite?
False
Let x(l) = -68*l + 1537. Is x(15) prime?
False
Let m(o) = 2904*o**2 - 209*o + 1022. Is m(5) composite?
False
Let p(k) = -4*k**2 - 27*k - 22. Let i be p(-7). Is (1 - i*424 - -5) + -1 a prime number?
True
Suppose 0 = 9*w - 4*w + 415. Let f = w - -91. Is f - 4 - 8822/(-2) composite?
True
Let b(g) = -10*g**3 + 33*g**2 + 88*g - 17. Is b(-14) prime?
False
Let y(g) = -g**3 - 42*g**2 - 75*g + 591. Is y(-41) prime?
False
Let s(q) be the third derivative of -q**6/60 - q**5/10 + q**4/6 + 5*q**3/6 - q**2 - 63*q. Is s(-9) composite?
False
Suppose 0 = 6*k + 113 - 41. Suppose -o + w + 3 = 0, 2 + 0 = -4*o - 3*w. Is o/3 - 22880/k prime?
True
Let b = 394 - 238. Let c = b - 41. Is (-6)/(-10) - (-53636)/c composite?
False
Let g = 13558 + 14599. Is g prime?
False
Let r = 99 - 95. Suppose 0 = r*u - o - 3*o - 476, 0 = 2*u - 3*o - 242. Is u a prime number?
False
Let w(p) = 39*p - 1. Let z = -43 - -94. Let k = 53 - z. Is w(k) a composite number?
True
Let c(p) = -4402*p**2 + 5*p - 4. Let w be c(1). Let j be (4 - w) + 10/(-2). Let m = j - 623. Is m a composite number?
True
Let u be -1 + -4*2/(-4) + 1575. Let t = u - 383. Suppose -3*l - 1591 = -4*m - 0*m, 3*m - 2*l - t = 0. Is m composite?
False
Let z(w) = 3*w + w**3 + 17294 - w - 17298 - 6*w**2. Let l be ((-27)/(-6))/(2/4). Is z(l) composite?
False
Let s(w) = -w**3 + w - 1. Let u(k) = 10817*k**3 - k**2 - 5*k + 7. Let p(z) = 4*s(z) + u(z). Is p(1) a composite number?
True
Let j(z) = 3*z + 33. Let f be j(-11). Let o be (-3 + f)/6*(0 - -2). Is o/(-6) - 9795/(-90) prime?
True
Let k(r) be the third derivative of 25*r**4/3 + 9*r**3/2 + 5*r**2 - 4. Let b(t) = 3*t**2 + 2*t - 2. Let y be b(-2). Is k(y) a composite number?
True
Is (-39554 - 0)*(-152)/(-144)*-9 composite?
True
Suppose 5*t = 2*r + 25377, 5*t = 8*t - 3*r - 15219. Suppose -9*m + 14104 = t. Suppose 2*o - m = -4*b + 1279, -3*o = -b - 3458. Is o a prime number?
True
Suppose -61161 = 45*c - 74*c. Suppose 3*l = 12582 + c. Is l composite?
True
Suppose -5*l + 218 = x - 81, 5*x - l - 1469 = 0. Suppose 0 = 4*m - x - 10022. Is m a prime number?
True
Let a be 117*((-16)/12)/(-4). Let o = -2197 + a. Is (2 + 0)/((-4)/o) prime?
False
Suppose -13501*j + 866595 = -13496*j. Is j a prime number?
False
Let a be ((-11 - -1) + -1)*-1. Let i(r) be the third derivative of 35*r**4/8 + 13*r**3/3 + 2*r**2 + 3311. Is i(a) composite?
False
Let z(w) = -44*w + 4. Let u be z(3). Let y = 293 + u. Suppose r - y - 52 = 0. Is r a composite number?
True
Suppose -4*y - 2*r = y, 0 = y - r - 7. Let x be y/12 - (-5032)/48. Let d = 4376 + x. Is d a composite number?
False
Suppose -3*n = -4*l + 1003315 + 248363, l = 4*n + 1668917. Is ((-2)/(-1))/((-11)/(n/20)) a prime number?
True
Let a = 193 + 4463. Let y = a + -7291. Let q = y - -3750. Is q composite?
True
Suppose 65*g = 28*g + 2591887. Is g prime?
True
Suppose -s - 27 = -4*s - 3*h, -5*h = 2*s - 15. Let y(w) = 5*w**3 + 8*w**2 - 13*w - 4. Is y(s) a composite number?
True
Let c(k) = -7*k**3 - 2*k**2 + 25*k + 3. Let j(q) = 8*q**3 + 3*q**2 - 27*q - 2. Let h(n) = 7*c(n) + 6*j(n). Is h(-8) composite?
False
Is (9 - 12 - -4)*155689 a prime number?
True
Let u = -6126 + 11015. Suppose 0*c - 4*c - 4*p + 7464 = 0, 5*p - 3729 = -2*c. Suppose 4*i = u + c. Is i a composite number?
True
Let l = -1676 - -970. Let m = -310 - l. Suppose -368 - m = -4*t. Is t a composite number?
False
Let k = -134 - -103. Let c be (1*-1 - k)/(8/4). Is 12945/9 + (-20)/c a prime number?
False
Suppose -34*j = -31*j + 48. Let w(m) = m**3 + 17*m**2 + 18*m + 40. Let d be w(j). Is 6995/15 + 2 + d/(-6) composite?
False
Let x(w) = 4*w**3 - 22*w**2 + 87*w - 17. Let o be x(27). Suppose 2*z + 2 = 0, 0 = -2*j + 5*j + 5*z - o. Is j a prime number?
False
Is ((-36508)/4 + 0)*1/(10/(-110)) prime?
False
Let p(d) = 71*d**2 - 16*d - 127. Let r be p(32). Is 1/(-2) + r/14 prime?
True
Let a(g) be the second derivative of -440*g**3/3 - 47*g**2/2 + 126*g. Is a(-7) prime?
True
Suppose 3*x - 4*j = -3*j + 182, 0 = -j + 4. Let t(q) = -x*q - 11 + 0 - 10. Is t(-5) a prime number?
False
Let l = 31267 - 19956. Is l prime?
True
Suppose -3*o - 2*c = 256, 3*o = -0*o - 4*c - 248. Let w = 83 + o. Is (w + 18)/(1/467) a composite number?
True
Let x be (10*2/12)/(5/1785). Let p be -4*(214/4)/1. Let f = p + x. Is f a composite number?
True
Is (2/(-4))/(1/(-6)) - (-6 + -75422) a prime number?
True
Suppose 0 = -2*u + 6*u - 20, 3*n + u = 1178. Suppose 0 = -6*l + 4670 + 166. Let r = l - n. Is r composite?
True
Let a(c) = 25*c**2 + 4*c**2 - 5*c + 3 + 2 - c. Let q = 44 - 48. Is a(q) a prime number?
False
Suppose -434*t + 562384 = 2*k - 437*t, -1124760 = -4*k + 2*t. Is k composite?
False
Suppose -59968 = -5*w - 19518. Suppose 0 = 2*u + w - 24864. Is u a composite number?
False
Is -13 + 11 + (-17 + -1)*(-8564)/8 a composite number?
False
Suppose 605122 - 176647 = 25*o. Is (-112)/140 - o/(-5) prime?
False
Let d be 5 + (6 - 5) - 23. Let m(j) = -j**3 - 17*j**2 - 5*j + 33. Is m(d) composite?
True
Let b(i) = 72*i**2 + 470*i - 490. Is b(106) composite?
True
Let v(u) = 3*u**3 - 25*u**2 - 10*u - 1. Let i(c) = -2*c**3 + 2*c. Let l(k) = -2*i(k) - v(k). Let g = -5 - 7. Is l(g) composite?
False
Suppose -2552810 = -17*c + 2816583 - 1556854. Is c composite?
False
Is 9 - (-112)/(-12) - (-7)/(42/104684) a composite number?
True
Let h(n) = n**2 - 16*n + 12. Let f be h(16). Suppose 3*v + 0*v - f = 3*l, 0 = 5*l - v + 4. Suppose -12 = 3*b, -z + 343 = -l*b + b. Is z a prime number?
True
Suppose 2*g - 126 = -0*g. Let b = 19 - 14. Suppose 0 = b*j + z - 1533, 3*z = 4*j - 1297 + g. Is j a prime number?
True
Suppose -73*r + 10 = -68*r. Suppose 3*a - 5*a - 3*z + 1790 = 0, -3564 = -4*a - r*z. Is a a prime number?
False
Suppose -f = -1 - 2. Suppose t + m - 856 = -3*m, -4*t + f*m = -3329. Let s = t - 319. Is s a prime number?
False
Suppose 12*v - 20 = 8*v, -4*v = 4*g - 223872. Is g prime?
False
Let u be 1/8 + (-3337005)/(-24). Suppose 20*r - u = -18*r. Is r a composite number?
False
Let p = -35 + 39. Let o be ((-4)/4 - -5)*(-649)/p. Let s = o + 1112. Is s a prime number?
True
Let z = 273 + -281. Is (42512/(-36))/(z/36) prime?
False
Suppose -2815 = -6*a + 35785 + 12190. Is a a composite number?
True
Let g be ((-10)/(-15))/((-2)/(-24)). Let j = -4 + g. Is (-2 - 225)/(j/(-12)) a prime number?
False
Let x(f) = 5*f**3 - 3*f**2 - 17*f - 15. Let w be x(-1). Is (-1)/w + ((-109318)/(-12) - 1) a composite number?
False
Suppose -7*s + 31 + 18 = 0. Suppose u - s*v - 623 = -4*v, -623 = -u - 3*v. Is u a prime number?
False
Suppose 0 = -34*h - 7*h - 21566. Is (-8 + 1)/(h/262 - -2) a prime number?
False
Let s = -28 - -34. Let j be 1/((-4)/s*(-9)/24). Suppose 3*x - q - 815 = j*q, 0 = -x - 2*q + 257. Is x composite?
True
Let z(p) = 133*p + 76. Let k be z(-4). Let o = 1363 + k. Is o composite?
False
Let t = -15270 + 228337. Is t composite?
False
Let w(r) = 92*r**3 - 4*r**2 + r + 2. Let z = 13 + -10. Is w(z) a prime number?
False
Let l be -474 - 7/((-14)/8). Let i = 2471 + l. Suppose -6*c + 3*c + i = 0. Is c a prime number?
False
Suppose -x + 30 = 5*x. Suppose -107 = -5*v - 3*q + x*q, -4*v + 72 = -5*q. Suppose 0 = -l - v + 150. Is l a prime number?
True
Let o be -5*4*6/8. Let i(y) = -232*y - 6. Let g be i(o). Suppose 4*l + 1390 = g. Is l composite?
False
Let u(n) = 91710*n + 15091. Is u(9) a composite number?
True
Let g be 1191/57 - 50/(-475). Let f(i) = i**3 + 10*i**2 - 22*i + 50. Is f(g) a prime number?
True
Let i be 20/(4 + 1) + -2 + 1. Suppose m = g - 2067, -i*g = -6*g + 5*m + 6209. Is g composite?
False
Let 